e 8, what is 62022 + -2?
62020
In base 6, what is 5 - 55040441?
-55040432
In base 11, what is 678922 - 4?
678919
In base 2, what is -1100101 - 10110101100?
-11000010001
In base 4, what is -1023313033 - 3?
-1023313102
In base 4, what is -101311022 + -120?
-101311202
In base 12, what is 24871 - -7?
24878
In base 14, what is -1 - 21d8?
-21d9
In base 9, what is 2054 - 278?
1665
In base 5, what is -3 - 243322?
-243330
In base 6, what is 55 - -323051?
323150
In base 13, what is -3 + 4b87?
4b84
In base 13, what is -136b + -3a?
-13a8
In base 2, what is -1011010100011010 - -1110?
-1011010100001100
In base 7, what is 1641 - 105?
1533
In base 4, what is 13 - 3212220?
-3212201
In base 7, what is -45402 - -3?
-45366
In base 12, what is 4529 - -49?
4576
In base 9, what is 11461 + -12?
11448
In base 14, what is -1 - 2d262?
-2d263
In base 12, what is 4 + 1256?
125a
In base 5, what is 1 + 10444013?
10444014
In base 15, what is -c3 + -3a6?
-479
In base 6, what is -125050341 - -1?
-125050340
In base 6, what is -2 - -205534?
205532
In base 10, what is 8 + -4608?
-4600
In base 11, what is -353 + 8a5?
552
In base 4, what is -20 - -13001331?
13001311
In base 7, what is 24 - 1145?
-1121
In base 14, what is -3c12 + a?
-3c06
In base 8, what is -25 + 46612?
46565
In base 4, what is 23 + 1032233?
1032322
In base 16, what is -63f9 - -2?
-63f7
In base 3, what is -20 - 10110120210?
-10110121000
In base 14, what is -2424 - 1c?
-2442
In base 9, what is -517871 - -5?
-517865
In base 6, what is -104120 - 125?
-104245
In base 5, what is -132404321 + 3?
-132404313
In base 15, what is 1bdb85 + 3?
1bdb88
In base 10, what is 10295 + -67?
10228
In base 8, what is 2144 + -150?
1774
In base 12, what is 2597 + 12?
25a9
In base 14, what is -68808 - -17?
-687d1
In base 6, what is -33 + 230545?
230512
In base 6, what is 134322 - 203?
134115
In base 2, what is 110 + 1100000000110101?
1100000000111011
In base 13, what is 1bcb + -43?
1b88
In base 2, what is -10 - -10011100100111?
10011100100101
In base 9, what is 5618 - -174?
5803
In base 16, what is -25 + -8606?
-862b
In base 4, what is -2213 + 1132?
-1021
In base 10, what is 3 - 435242?
-435239
In base 10, what is 1 - -3876?
3877
In base 11, what is 3675 - 7?
3669
In base 15, what is -6b6 - 23?
-6d9
In base 11, what is -7 + -255093?
-25509a
In base 11, what is 143a9 + -5?
143a4
In base 14, what is 88 - -24d?
2d7
In base 14, what is 122 + 217?
339
In base 8, what is -4177 + 73?
-4104
In base 2, what is 1000010101101101110 + -11?
1000010101101101011
In base 16, what is 2 - 935b?
-9359
In base 13, what is 1038 - 15?
1023
In base 8, what is 3 + -406712?
-406707
In base 15, what is 9 + 36c3?
36cc
In base 6, what is -5213 - -145?
-5024
In base 12, what is 6b + -14b3a?
-14a8b
In base 16, what is 2 - 80257?
-80255
In base 12, what is -23b01 - -4?
-23ab9
In base 13, what is 109 + 644?
750
In base 9, what is 148838 - 3?
148835
In base 13, what is -31 - -292b?
28ca
In base 10, what is -970 + 1107?
137
In base 7, what is 12 - 2553?
-2541
In base 7, what is 22 + 62036?
62061
In base 2, what is -1010001000001000011 - 11?
-1010001000001000110
In base 12, what is -2 - 26a17a?
-26a180
In base 10, what is 86 - -604?
690
In base 9, what is 231847 + 5?
231853
In base 7, what is -15 - -30152?
30134
In base 6, what is -4 + -534151?
-534155
In base 5, what is 10 + 123033?
123043
In base 16, what is -d4 + 12e?
5a
In base 3, what is 1120011001 + 122?
1120011200
In base 7, what is -52 - -224033?
223651
In base 9, what is 6310 - 66?
6233
In base 14, what is -19ca - -65?
-1965
In base 13, what is 44 + 4aa?
521
In base 14, what is 5ba - 628?
-4c
In base 12, what is -26a5 + -1a5?
-288a
In base 15, what is e0519 + 3?
e051c
In base 15, what is 25 - 572?
-54c
In base 7, what is 3 - -2061235?
2061241
In base 2, what is 10 - -100110100001101?
100110100001111
In base 6, what is -143310205 + 4?
-143310201
In base 13, what is -6 - -32c2?
32b9
In base 8, what is -5042670 + 1?
-5042667
In base 16, what is 11b1 - 10?
11a1
In base 6, what is 113 + 1040144?
1040301
In base 6, what is -11451 - 1425?
-13320
In base 11, what is -3 + -689044?
-689047
In base 6, what is -3430 - 13?
-3443
In base 2, what is 101 + -100100010010?
-100100001101
In base 3, what is 1121 + 11220110?
11222001
In base 4, what is -10 - -31320013?
31320003
In base 2, what is -1010011 + 1000000101?
110110010
In base 7, what is 60 - -6512?
6602
In base 4, what is 3030 + 210122?
213212
In base 4, what is 111 - -110023?
110200
In base 16, what is -d2d6 - 5?
-d2db
In base 10, what is 10934 - 0?
10934
In base 16, what is -4 + 38a4?
38a0
In base 13, what is 158 - -2?
15a
In base 5, what is -10 + -202102?
-202112
In base 10, what is 4 + 21061?
21065
In base 6, what is 1040121 + 3?
1040124
In base 8, what is -112035 + 1?
-112034
In base 15, what is 3c3 + 3e?
412
In base 12, what is -21 + -13b?
-160
In base 12, what is 59798 + 9?
597a5
In base 12, what is 48 - 16?
32
In base 3, what is -1 + -200002?
-200010
In base 15, what is 1 + -be0?
-bde
In base 16, what is -ecd - 4bc?
-1389
In base 16, what is 0 + -20418?
-20418
In base 3, what is 21222 + 2120120?
2212112
In base 11, what is -789669 - -4?
-789665
In base 14, what is -1 + 15d9?
15d8
In base 16, what is 3 - -10cf8?
10cfb
In base 10, what is 1 - 85?
-84
In base 9, what is -233000 - 18?
-233018
In base 2, what is -10 + -111110110010010?
-111110110010100
In base 3, what is 2012010011200 + 2?
2012010011202
In base 3, what is -122101010100 + 2?
-122101010021
In base 11, what is 13 - -4990?
49a3
In base 5, what is -110 - -3101443?
3101333
In base 4, what is -223001 + 0?
-223001
In base 5, what is 120043 + 13421?
134014
In base 8, what is -36020 + 0?
-36020
In base 9, what is 3 + -2673461?
-2673457
In base 4, what is 20 + -12103221?
-12103201
In base 11, what is -5 + -aa8a1?
-aa8a6
In base 2, what is -100010000100101011 - -100?
-100010000100100111
In base 7, what is 253 + 13336?
13622
In base 7, what is -206346 - 11?
-206360
In base 2, what is 1100 - 111101010000?
-111101000100
In base 7, what is 0 + -4264451?
-4264451
In base 7, what is -53355 + 3?
-53352
In base 3, what is 1 - 2122111?
-2122110
In base 10, what is -303 + 13157?
12854
In base 10, what is 95 - 21?
74
In base 5, what is 13 + -2144?
-2131
In base 16, what is -39c68 + 1?
-39c67
In base 4, what is 1203 + 12203?
20012
In base 2, what is 110 - -10110110111110111?
10110110111111101
In base 2, what is 1000000011001100 + 1110?
1000000011011010
In base 8, what is -176 - 2071?
-2267
In base 9, what is 2 - 4082?
-4080
In base 13, what is 422a + 105?
4332
In base 16, what is -213b - a?
-2145
In base 11, what is -425 + 33a?
-96
In base 3, what is -1 + -1001120112110?
-1001120112111
In base 2, what is -100 + 110010101?
110010001
In base 11, what is 13 + 1393?
13a6
In base 2, what is 101000 - 111011100000110?
-111011011011110
In base 8, what is -6 + 646771?
646763
In base 5, what is 0 + 10324110?
10324110
In base 16, what is 28f7 - 0?
28f7
In base 16, what is cfe38 + 1?
cfe39
In base 12, what is 7 - -12a50?
12a57
In base 6, what is -4 + 4425433?
4425425
In base 10, what is 2539 - 23?
2516
In base 3, what is -1020020021211 - -11?
-1020020021200
In base 3, what is -100201021 + 21?
-100201000
In base 4, what is 10 + -312113112?
-312113102
In base 10, what is 107 + -20497?
-20390
In base 2, what is 10100111100001010 + -110011?
10100111011010111
In base 14, what is -d + -4d14?
-4d23
In base 15, what is -d - -4204?
41e6
In base 5, what is -1303 - 310120?
-311423
In base 5, what is 2 - 1330210?
-1330203
In base 14, what is 1 + 28aa?
28ab
In base 16, what is 1a3 - -34?
1d7
In base 13, what is -313 - -178?
-168
In base 8, what is -512753 - 10?
-512763
In base 12, what is -7899 + 2?
-7897
In base 12, what is 60b2 - -5?
60b7
In base 8, what is -6 + -32604?
-32612
In base 6, what is -5325 - 22?
-5351
In base 11, what is 413451 + 7?
413458
In base 7, what is 2 + -232231?
-232226
In base 10, what is 3273 - 151?
3122
In base 6, what is 130043 - -33?
130120
In base 3, what is 100121112 - -1012?
100122201
In base 10, what is 11 - -58922?
58933
In base 13, what is -250a - -3?
-2507
In base 12, what is 134 - 577?
-443
In base 4, what is -1303023 + 23?
-1303000
In base 9, what is -311215 - 10?
-311225
In base 3, what is 2110222211 - -210?
211